{"id":3855,"date":"2025-06-26T09:52:39","date_gmt":"2025-06-26T08:52:39","guid":{"rendered":"https:\/\/www.squeaker.net\/shop\/?post_type=product&#038;p=3855"},"modified":"2025-06-26T10:10:47","modified_gmt":"2025-06-26T09:10:47","slug":"consulting-case-training-ebook","status":"publish","type":"product","link":"https:\/\/www.squeaker.net\/shop\/produkt\/consulting-case-training-ebook\/","title":{"rendered":"Consulting Case-Training (E-BOOK)"},"content":{"rendered":"<p><b>Das erg\u00e4nzende \u00dcbungsbuch zum Marktf\u00fchrer \u201eBewerbung bei Unternehmensberatungen\u201c<\/b><\/p>\n<p><span style=\"font-weight: 400;\">30 typische \u00dcbungscases aus den verschiedenen Practice-Groups der Beratungen helfen Ihnen<\/span><span style=\"font-weight: 400;\"><br \/>\n<\/span><span style=\"font-weight: 400;\">bei der Vorbereitung auf das Case Interview. Geschrieben von erfahrenen Beratern f\u00fcr zuk\u00fcnftige Berater.<\/span><\/p>\n<ul>\n<li style=\"font-weight: 400;\"><span style=\"font-weight: 400;\">Mit zahlreichen Zwischenfragen zum Trainieren von analytischen, strukturierenden und quantitativen F\u00e4higkeiten<\/span><\/li>\n<li style=\"font-weight: 400;\"><span style=\"font-weight: 400;\">Mit speziellen Cases zum \u00dcben zu zweit oder in der Gruppe<\/span><\/li>\n<li style=\"font-weight: 400;\"><span style=\"font-weight: 400;\">Mit Einblicken in branchenspezifische Case-Knackpunkte<\/span><\/li>\n<li style=\"font-weight: 400;\"><span style=\"font-weight: 400;\">Mit verschiedenen Aufgabenstellungen wie Strategie, Market Sizing, Competitive Response, Market Entry und Kreativit\u00e4t<\/span><\/li>\n<li style=\"font-weight: 400;\"><span style=\"font-weight: 400;\">Mit Insider-Tipps und Kommentaren zur Optimierung der Case-L\u00f6sung<\/span><\/li>\n<\/ul>\n<p><b>\u00dcbersicht zum Buch Consulting Case-Training<\/b><b><br \/>\n<\/b><span style=\"font-weight: 400;\"><br \/>\n<\/span><span style=\"font-weight: 400;\">12., aktualisierte Auflage 2025<\/span><\/p>\n<p>Inhaltsverzeichnis und Leseprobe aus der 12. Auflage als PDF: <a title=\"Consulting Case-Traning\" href=\"https:\/\/www.squeaker.net\/file\/upload\/Consulting-Case-Training-2021-Leseprobe.pdf\" target=\"_blank\" rel=\"noopener noreferrer\">&#8222;Consulting Case &#8211; Training&#8220;<\/a><\/p>\n<p><strong>Kostenlose Lieferung* und schnelle Zustellung bei Bestellung \u00fcber squeaker.net. Steuerlich absetzbar*.<\/strong><\/p>\n<p>Unsere E-BOOKs sind mit DRM kopiergesch\u00fctzt. Du ben\u00f6tigst hierzu ein Leseprogramm, welches mit kopiergesch\u00fctzten Inhalten umgehen kann. Wir empfehlen die kostenlose Software \u201cAdobe Digital Editions\u201d (ADE). <a href=\"https:\/\/www.squeaker.net\/ratgeber\/magazine-ebooks-drm-schutz\/\">Weitere Infos hier.<\/a><\/p>\n","protected":false},"excerpt":{"rendered":"<p><span style=\"font-weight: 400;\">Wo liegen strategische Risiken f\u00fcr Google? W\u00fcrden alle deutschen Pkw auf unser Autobahnnetz passen? Sind die Umsatzprognosen f\u00fcr ein digitales Gesch\u00e4ftsmodell realistisch? Dies alles sind typische Case-Fragen aus Bewerbungsgespr\u00e4chen von namhaften Unternehmensberatungen. Wie schaffst du es, in einer realen Interview-Situation, solche komplexen Probleme in kurzer Zeit strukturiert anzugehen?<\/span><\/p>\n<p>Unsere E-BOOKs sind mit DRM kopiergesch\u00fctzt. Du ben\u00f6tigst hierzu ein Leseprogramm, welches mit kopiergesch\u00fctzten Inhalten umgehen kann. Wir empfehlen die kostenlose Software \u201cAdobe Digital Editions\u201d (ADE). <a href=\"https:\/\/www.squeaker.net\/ratgeber\/magazine-ebooks-drm-schutz\/\">Weitere Infos hier.<\/a><\/p>\n","protected":false},"featured_media":3856,"template":"","meta":[],"product_brand":[],"product_cat":[84],"product_tag":[87,86,85,88],"class_list":{"0":"post-3855","1":"product","2":"type-product","3":"status-publish","4":"has-post-thumbnail","6":"product_cat-absolventen-absolventinnen-consulting","7":"product_tag-case","8":"product_tag-case-training","9":"product_tag-consulting","10":"product_tag-training","12":"first","13":"instock","14":"taxable","15":"shipping-taxable","16":"purchasable","17":"product-type-simple"},"yoast_head":"<!-- This site is optimized with the Yoast SEO plugin v27.2 - https:\/\/yoast.com\/product\/yoast-seo-wordpress\/ -->\n<title>Consulting Case-Training (E-BOOK) - Insider-Dossiers<\/title>\n<meta name=\"description\" content=\"30 typische \u00dcbungscases aus den verschiedenen Practice-Groups der Beratungen helfen Ihnenbei der Vorbereitung auf das Case Interview. Geschrieben von erfahrenen Beratern f\u00fcr zuk\u00fcnftige Berater.\" \/>\n<meta name=\"robots\" content=\"index, follow, max-snippet:-1, max-image-preview:large, max-video-preview:-1\" \/>\n<link rel=\"canonical\" href=\"https:\/\/www.squeaker.net\/shop\/produkt\/consulting-case-training-ebook\/\" \/>\n<meta property=\"og:locale\" content=\"de_DE\" \/>\n<meta property=\"og:type\" content=\"article\" \/>\n<meta property=\"og:title\" content=\"Consulting Case-Training (E-BOOK) - Insider-Dossiers\" \/>\n<meta property=\"og:description\" content=\"30 typische \u00dcbungscases aus den verschiedenen Practice-Groups der Beratungen helfen Ihnenbei der Vorbereitung auf das Case Interview. Geschrieben von erfahrenen Beratern f\u00fcr zuk\u00fcnftige Berater.\" \/>\n<meta property=\"og:url\" content=\"https:\/\/www.squeaker.net\/shop\/produkt\/consulting-case-training-ebook\/\" \/>\n<meta property=\"og:site_name\" content=\"Insider-Dossiers\" \/>\n<meta property=\"article:modified_time\" content=\"2025-06-26T09:10:47+00:00\" \/>\n<meta property=\"og:image\" content=\"https:\/\/www.squeaker.net\/shop\/wp-content\/uploads\/2025\/06\/SQ-Buch-Case-Training-2025-Shopgrafik.png\" \/>\n\t<meta property=\"og:image:width\" content=\"1200\" \/>\n\t<meta property=\"og:image:height\" content=\"1200\" \/>\n\t<meta property=\"og:image:type\" content=\"image\/png\" \/>\n<meta name=\"twitter:card\" content=\"summary_large_image\" \/>\n<meta name=\"twitter:label1\" content=\"Est. reading time\" \/>\n\t<meta name=\"twitter:data1\" content=\"1\u00a0Minute\" \/>\n<script type=\"application\/ld+json\" class=\"yoast-schema-graph\">{\"@context\":\"https:\/\/schema.org\",\"@graph\":[{\"@type\":\"WebPage\",\"@id\":\"https:\/\/www.squeaker.net\/shop\/produkt\/consulting-case-training-ebook\/\",\"url\":\"https:\/\/www.squeaker.net\/shop\/produkt\/consulting-case-training-ebook\/\",\"name\":\"Consulting Case-Training (E-BOOK) - Insider-Dossiers\",\"isPartOf\":{\"@id\":\"https:\/\/www.squeaker.net\/shop\/#website\"},\"primaryImageOfPage\":{\"@id\":\"https:\/\/www.squeaker.net\/shop\/produkt\/consulting-case-training-ebook\/#primaryimage\"},\"image\":{\"@id\":\"https:\/\/www.squeaker.net\/shop\/produkt\/consulting-case-training-ebook\/#primaryimage\"},\"thumbnailUrl\":\"https:\/\/www.squeaker.net\/shop\/wp-content\/uploads\/2025\/06\/SQ-Buch-Case-Training-2025-Shopgrafik.png\",\"datePublished\":\"2025-06-26T08:52:39+00:00\",\"dateModified\":\"2025-06-26T09:10:47+00:00\",\"description\":\"30 typische \u00dcbungscases aus den verschiedenen Practice-Groups der Beratungen helfen Ihnenbei der Vorbereitung auf das Case Interview. Geschrieben von erfahrenen Beratern f\u00fcr zuk\u00fcnftige Berater.\",\"breadcrumb\":{\"@id\":\"https:\/\/www.squeaker.net\/shop\/produkt\/consulting-case-training-ebook\/#breadcrumb\"},\"inLanguage\":\"de\",\"potentialAction\":[{\"@type\":\"ReadAction\",\"target\":[\"https:\/\/www.squeaker.net\/shop\/produkt\/consulting-case-training-ebook\/\"]}]},{\"@type\":\"ImageObject\",\"inLanguage\":\"de\",\"@id\":\"https:\/\/www.squeaker.net\/shop\/produkt\/consulting-case-training-ebook\/#primaryimage\",\"url\":\"https:\/\/www.squeaker.net\/shop\/wp-content\/uploads\/2025\/06\/SQ-Buch-Case-Training-2025-Shopgrafik.png\",\"contentUrl\":\"https:\/\/www.squeaker.net\/shop\/wp-content\/uploads\/2025\/06\/SQ-Buch-Case-Training-2025-Shopgrafik.png\",\"width\":1200,\"height\":1200,\"caption\":\"Eine Visualisierung des Buches \u201cConsulting Case Training\u201d aufrecht stehend auf hellem Hintergrund\"},{\"@type\":\"BreadcrumbList\",\"@id\":\"https:\/\/www.squeaker.net\/shop\/produkt\/consulting-case-training-ebook\/#breadcrumb\",\"itemListElement\":[{\"@type\":\"ListItem\",\"position\":1,\"name\":\"Home\",\"item\":\"https:\/\/www.squeaker.net\/shop\/\"},{\"@type\":\"ListItem\",\"position\":2,\"name\":\"Insider-Dossiers\",\"item\":\"https:\/\/www.squeaker.net\/shop\/\"},{\"@type\":\"ListItem\",\"position\":3,\"name\":\"Consulting Case-Training (E-BOOK)\"}]},{\"@type\":\"WebSite\",\"@id\":\"https:\/\/www.squeaker.net\/shop\/#website\",\"url\":\"https:\/\/www.squeaker.net\/shop\/\",\"name\":\"Insider-Dossiers\",\"description\":\"Insider-Dossiers by squeaker.net\",\"potentialAction\":[{\"@type\":\"SearchAction\",\"target\":{\"@type\":\"EntryPoint\",\"urlTemplate\":\"https:\/\/www.squeaker.net\/shop\/?s={search_term_string}\"},\"query-input\":{\"@type\":\"PropertyValueSpecification\",\"valueRequired\":true,\"valueName\":\"search_term_string\"}}],\"inLanguage\":\"de\"}]}<\/script>\n<!-- \/ Yoast SEO plugin. -->","yoast_head_json":{"title":"Consulting Case-Training (E-BOOK) - Insider-Dossiers","description":"30 typische \u00dcbungscases aus den verschiedenen Practice-Groups der Beratungen helfen Ihnenbei der Vorbereitung auf das Case Interview. Geschrieben von erfahrenen Beratern f\u00fcr zuk\u00fcnftige Berater.","robots":{"index":"index","follow":"follow","max-snippet":"max-snippet:-1","max-image-preview":"max-image-preview:large","max-video-preview":"max-video-preview:-1"},"canonical":"https:\/\/www.squeaker.net\/shop\/produkt\/consulting-case-training-ebook\/","og_locale":"de_DE","og_type":"article","og_title":"Consulting Case-Training (E-BOOK) - Insider-Dossiers","og_description":"30 typische \u00dcbungscases aus den verschiedenen Practice-Groups der Beratungen helfen Ihnenbei der Vorbereitung auf das Case Interview. Geschrieben von erfahrenen Beratern f\u00fcr zuk\u00fcnftige Berater.","og_url":"https:\/\/www.squeaker.net\/shop\/produkt\/consulting-case-training-ebook\/","og_site_name":"Insider-Dossiers","article_modified_time":"2025-06-26T09:10:47+00:00","og_image":[{"width":1200,"height":1200,"url":"https:\/\/www.squeaker.net\/shop\/wp-content\/uploads\/2025\/06\/SQ-Buch-Case-Training-2025-Shopgrafik.png","type":"image\/png"}],"twitter_card":"summary_large_image","twitter_misc":{"Est. reading time":"1\u00a0Minute"},"schema":{"@context":"https:\/\/schema.org","@graph":[{"@type":"WebPage","@id":"https:\/\/www.squeaker.net\/shop\/produkt\/consulting-case-training-ebook\/","url":"https:\/\/www.squeaker.net\/shop\/produkt\/consulting-case-training-ebook\/","name":"Consulting Case-Training (E-BOOK) - Insider-Dossiers","isPartOf":{"@id":"https:\/\/www.squeaker.net\/shop\/#website"},"primaryImageOfPage":{"@id":"https:\/\/www.squeaker.net\/shop\/produkt\/consulting-case-training-ebook\/#primaryimage"},"image":{"@id":"https:\/\/www.squeaker.net\/shop\/produkt\/consulting-case-training-ebook\/#primaryimage"},"thumbnailUrl":"https:\/\/www.squeaker.net\/shop\/wp-content\/uploads\/2025\/06\/SQ-Buch-Case-Training-2025-Shopgrafik.png","datePublished":"2025-06-26T08:52:39+00:00","dateModified":"2025-06-26T09:10:47+00:00","description":"30 typische \u00dcbungscases aus den verschiedenen Practice-Groups der Beratungen helfen Ihnenbei der Vorbereitung auf das Case Interview. Geschrieben von erfahrenen Beratern f\u00fcr zuk\u00fcnftige Berater.","breadcrumb":{"@id":"https:\/\/www.squeaker.net\/shop\/produkt\/consulting-case-training-ebook\/#breadcrumb"},"inLanguage":"de","potentialAction":[{"@type":"ReadAction","target":["https:\/\/www.squeaker.net\/shop\/produkt\/consulting-case-training-ebook\/"]}]},{"@type":"ImageObject","inLanguage":"de","@id":"https:\/\/www.squeaker.net\/shop\/produkt\/consulting-case-training-ebook\/#primaryimage","url":"https:\/\/www.squeaker.net\/shop\/wp-content\/uploads\/2025\/06\/SQ-Buch-Case-Training-2025-Shopgrafik.png","contentUrl":"https:\/\/www.squeaker.net\/shop\/wp-content\/uploads\/2025\/06\/SQ-Buch-Case-Training-2025-Shopgrafik.png","width":1200,"height":1200,"caption":"Eine Visualisierung des Buches \u201cConsulting Case Training\u201d aufrecht stehend auf hellem Hintergrund"},{"@type":"BreadcrumbList","@id":"https:\/\/www.squeaker.net\/shop\/produkt\/consulting-case-training-ebook\/#breadcrumb","itemListElement":[{"@type":"ListItem","position":1,"name":"Home","item":"https:\/\/www.squeaker.net\/shop\/"},{"@type":"ListItem","position":2,"name":"Insider-Dossiers","item":"https:\/\/www.squeaker.net\/shop\/"},{"@type":"ListItem","position":3,"name":"Consulting Case-Training (E-BOOK)"}]},{"@type":"WebSite","@id":"https:\/\/www.squeaker.net\/shop\/#website","url":"https:\/\/www.squeaker.net\/shop\/","name":"Insider-Dossiers","description":"Insider-Dossiers by squeaker.net","potentialAction":[{"@type":"SearchAction","target":{"@type":"EntryPoint","urlTemplate":"https:\/\/www.squeaker.net\/shop\/?s={search_term_string}"},"query-input":{"@type":"PropertyValueSpecification","valueRequired":true,"valueName":"search_term_string"}}],"inLanguage":"de"}]}},"jetpack_sharing_enabled":true,"_links":{"self":[{"href":"https:\/\/www.squeaker.net\/shop\/wp-json\/wp\/v2\/product\/3855","targetHints":{"allow":["GET"]}}],"collection":[{"href":"https:\/\/www.squeaker.net\/shop\/wp-json\/wp\/v2\/product"}],"about":[{"href":"https:\/\/www.squeaker.net\/shop\/wp-json\/wp\/v2\/types\/product"}],"wp:featuredmedia":[{"embeddable":true,"href":"https:\/\/www.squeaker.net\/shop\/wp-json\/wp\/v2\/media\/3856"}],"wp:attachment":[{"href":"https:\/\/www.squeaker.net\/shop\/wp-json\/wp\/v2\/media?parent=3855"}],"wp:term":[{"taxonomy":"product_brand","embeddable":true,"href":"https:\/\/www.squeaker.net\/shop\/wp-json\/wp\/v2\/product_brand?post=3855"},{"taxonomy":"product_cat","embeddable":true,"href":"https:\/\/www.squeaker.net\/shop\/wp-json\/wp\/v2\/product_cat?post=3855"},{"taxonomy":"product_tag","embeddable":true,"href":"https:\/\/www.squeaker.net\/shop\/wp-json\/wp\/v2\/product_tag?post=3855"}],"curies":[{"name":"wp","href":"https:\/\/api.w.org\/{rel}","templated":true}]}}